164?
32
What is the remainder when 1472745 is divided by 210391?
8
Calculate the remainder when 1981879 is divided by 60.
19
What is the remainder when 502430 is divided by 2285?
2015
What is the remainder when 7220885 is divided by 802319?
14
Calculate the remainder when 1869653 is divided by 4155.
4058
What is the remainder when 85923 is divided by 1812?
759
What is the remainder when 29593274 is divided by 39?
35
What is the remainder when 4995818 is divided by 2777?
2772
What is the remainder when 76387 is divided by 75672?
715
Calculate the remainder when 48839088 is divided by 87.
72
Calculate the remainder when 127343 is divided by 2021.
20
Calculate the remainder when 70573812 is divided by 22200.
12
Calculate the remainder when 7547100 is divided by 4888.
28
Calculate the remainder when 1445588 is divided by 758.
82
What is the remainder when 22346235 is divided by 17707?
1
What is the remainder when 562950 is divided by 112236?
1770
Calculate the remainder when 25685249 is divided by 798.
23
What is the remainder when 6033564 is divided by 3016716?
132
What is the remainder when 851095 is divided by 3614?
1805
What is the remainder when 154277 is divided by 185?
172
Calculate the remainder when 882553 is divided by 806.
789
What is the remainder when 405358408 is divided by 144?
136
What is the remainder when 129941 is divided by 258?
167
Calculate the remainder when 856172 is divided by 162.
2
Calculate the remainder when 1810609 is divided by 334.
329
Calculate the remainder when 33180 is divided by 280.
140
Calculate the remainder when 48973680 is divided by 13.
2
What is the remainder when 5972177 is divided by 683?
25
What is the remainder when 942078 is divided by 40959?
21
What is the remainder when 1657366 is divided by 498?
22
What is the remainder when 5798746 is divided by 101?
33
Calculate the remainder when 4825954 is divided by 480.
34
Calculate the remainder when 9718111 is divided by 2232.
2215
What is the remainder when 969682 is divided by 161597?
100
Calculate the remainder when 2280588 is divided by 285072.
12
Calculate the remainder when 2981594 is divided by 496920.
74
Calculate the remainder when 5320423 is divided by 4441.
105
What is the remainder when 290598 is divided by 22?
0
Calculate the remainder when 8337135 is divided by 791.
786
What is the remainder when 4033372 is divided by 14456?
148
What is the remainder when 498657 is divided by 7734?
3681
What is the remainder when 1721464 is divided by 20988?
448
What is the remainder when 82387 is divided by 4361?
3889
Calculate the remainder when 250355003 is divided by 8224.
8219
What is the remainder when 538398 is divided by 134595?
18
What is the remainder when 225202 is divided by 214?
74
Calculate the remainder when 4554695 is divided by 3.
2
What is the remainder when 1431 is divided by 1362?
69
Calculate the remainder when 26864784 is divided by 103.
15
What is the remainder when 59251 is divided by 23?
3
What is the remainder when 17802 is divided by 8858?
86
What is the remainder when 5530310 is divided by 120222?
98
Calculate the remainder when 6376785 is divided by 490515.
90
Calculate the remainder when 1190482 is divided by 83.
13
Calculate the remainder when 21521 is divided by 623.
339
What is the remainder when 5491019 is divided by 686371?
51
Calculate the remainder when 1252797515 is divided by 8667.
8666
Calculate the remainder when 23355728 is divided by 27.
26
Calculate the remainder when 439054 is divided by 5354.
26
What is the remainder when 6970379 is divided by 281?
174
What is the remainder when 1146724 is divided by 166?
162
What is the remainder when 1814907 is divided by 3418?
3367
What is the remainder when 5000122 is divided by 1666676?
94
What is the remainder when 466304 is divided by 31067?
299
Calculate the remainder when 82135 is divided by 13361.
1969
Calculate the remainder when 231248 is divided by 619.
361
What is the remainder when 28723264 is divided by 18?
16
Calculate the remainder when 917018 is divided by 915938.
1080
What is the remainder when 605365 is divided by 644?
5
What is the remainder when 187433962 is divided by 182?
170
What is the remainder when 96593 is divided by 75?
68
What is the remainder when 702965 is divided by 702868?
97
What is the remainder when 22885547 is divided by 1017?
1013
Calculate the remainder when 23267996 is divided by 11633988.
20
Calculate the remainder when 21022250 is divided by 41464.
2
What is the remainder when 296980091 is divided by 30?
11
Calculate the remainder when 7360642 is divided by 273.
16
Calculate the remainder when 2990468 is divided by 199335.
443
Calculate the remainder when 25100 is divided by 1878.
686
What is the remainder when 127002652 is divided by 3841?
3828
What is the remainder when 68554912 is divided by 51?
49
What is the remainder when 183877 is divided by 60835?
1372
What is the remainder when 15121857 is divided by 7560928?
1
Calculate the remainder when 1909345 is divided by 18359.
9
Calculate the remainder when 962908 is divided by 1303.
1294
Calculate the remainder when 1618583 is divided by 5344.
4695
What is the remainder when 235725774 is divided by 6994?
6992
What is the remainder when 5424719 is divided by 152?
143
Calculate the remainder when 1040148 is divided by 1138.
16
Calculate the remainder when 454253 is divided by 336.
317
What is the remainder when 152602 is divided by 8767?
3563
What is the remainder when 10692995 is divided by 58?
57
What is the remainder when 41133433 is divided by 3522?
3517
Calculate the remainder when 4708711 is divided by 1843.
1689
What is the remainder when 2387008 is divided by 452?
448
What is the remainder when 24839 is divided by 19525?
5314
Calculate the remainder when 55953237 is divided by 131038.
11
What is the remainder when 108357382 is divided by 124?
106
What is the remainder when 20612201 is divided by 66?
5
What is the remainder when 10892146 is divided by 103?
102
What is the remainder when 233808 is divided by 3719?
3230
Calculate the remainder when 1466244 is divided by 2175.
294
Calculate the remainder when 648974 is divided by 2630.
1994
Calculate the remainder when 322834 is divided by 107605.
19
Calculate the remainder when 84925 is divided by 1032.
301
Calculate the remainder when 22571670 is divided by 22571658.
12
What is the remainder when 4066510 is divided by 12?
10
What is the remainder when 356099 is divided by 3688?
2051
What is the remainder when 36779304 is divided by 27?
12
Calculate the remainder when 12898050 is divided by 6611.
6600
What is the remainder when 16655721 is divided by 3291?
3261
Calculate the remainder when 180631924 is divided by 7.
4
Calculate the remainder when 103709375 is divided by 3620.
3615
What is the remainder when 1142453 is divided by 1142423?
30
What is the remainder when 1416209 is divided by 472066?
11
Calculate the remainder when 278681 is divided by 92858.
107
Calculate the remainder when 13549735 is divided by 1077.
1075
Calculate the remainder when 808366 is divided by 176.
174
Calculate the remainder when 46427 is divided by 1041.
623
Calculate the remainder when 2128156 is divided by 175.
156
What is the remainder when 6453149 is divided by 430208?
29
What is the remainder when 233887 is divided by 11687?
147
What is the remainder when 31887 is divided by 1288?
975
Calculate the remainder when 13435304 is divided by 4048.
4040
Calculate the remainder when 533274426 is divided by 1043.
1042
What is the remainder when 63862 is divided by 437?
60
Calculate the remainder when 702009 is divided by 43.
34
What is the remainder when 21734566 is divided by 5?
1
Calculate the remainder when 65443 is divided by 32403.
637
What is the remainder when 76456415 is divided by 8495157?
2
What is the remainder when 2657019 is divided by 1067?
189
What is the remainder when 408782489 is divided by 2356?
2353
What is the remainder when 2127772 is divided by 177312?
28
What is the remainder when 2191581 is divided by 547842?
213
Calculate the remainder when 322262 is divided by 53706.
26
What is the remainder when 6554607 is divided by 90?
87
Calculate the remainder when 1075000 is divided by 798.
94
What is the remainder when 681819 is divide